
0
Suppose -2*q + 4*q = 190. Calculate the remainder when q is divided by 14.
11
Let i = 28 - 15. Suppose 5*r + 5*r = 50. What is the remainder when i is divided by r?
3
Let f = -105 + 161. What is the remainder when f is divided by 19?
18
Let k = -25 - -57. Calculate the remainder when 95 is divided by k.
31
Let y(s) be the third derivative of 3*s**5/10 + s**4/24 + s**3/6 + s**2. Let h = 35 + -25. Calculate the remainder when y(-1) is divided by h.
8
Let q(h) = 6*h + 1. Calculate the remainder when 37 is divided by q(2).
11
Let s(c) = 9*c - 3. What is the remainder when 10 is divided by s(1)?
4
Let o(z) = -z**3 - 2*z**2 - 1. Suppose 0*s + 41 = 3*y + 2*s, -s + 63 = 4*y. Let u = y + -6. Calculate the remainder when o(-4) is divided by u.
9
Suppose -6*q + q + 40 = 0. Calculate the remainder when q is divided by (-20)/8*(2 + -4).
3
Let n = -3 - -10. Let m(l) = -13*l - 3. Let x be m(-3). Calculate the remainder when 106/9 - (-8)/x is divided by n.
5
Let q(z) = -z**2 - 18*z - 2. What is the remainder when q(-7) is divided by 10?
5
Let h(d) = 3*d - 1. Calculate the remainder when ((-4)/4)/((-6)/138) is divided by h(3).
7
Suppose -5*s + 10 = -3*s. What is the remainder when 8 is divided by s?
3
Let u(i) = 11*i**2 + 4*i - 6. Let o be u(5). Suppose -14 = 5*z - o. What is the remainder when z is divided by 19?
17
Let n = 7 + -3. Calculate the remainder when 7 is divided by n.
3
Let o = -36 - -68. Calculate the remainder when o is divided by 11.
10
Let m(z) = -z**3 - 5*z**2 + 4*z - 7. Let t = -6 - -9. Suppose v - 2*p + t*p - 3 = 0, 4*v + 5*p - 13 = 0. What is the remainder when m(-6) is divided by v?
1
Suppose 0 = 3*n + 8*n - 1650. Calculate the remainder when n is divided by 38.
36
Let y(k) = k**2 + 8*k + 11. Let z be y(-6). Calculate the remainder when z/(-7) - (-774)/21 is divided by 13.
11
Suppose 3*v + 23 + 13 = 0. Let n = 7 + v. What is the remainder when 5*7 + n + 4 is divided by 12?
10
Let c(o) = o**3 + o**2 - 3*o + 3. Calculate the remainder when 26 is divided by c(2).
8
Suppose -4*l = -3*j + 22, 1 = -2*j + 5. Calculate the remainder when (-72)/10*50/l is divided by 23.
21
Suppose 5*j - 20 = -t, -2*j = 3*t - j - 32. Suppose 2*n - 5*f - t = 9, -88 = -5*n - f. What is the remainder when n is divided by 9?
8
Let n(i) = 21*i**3 - i + 1. Suppose -2*j + 11 = 4*a - 3*a, j = 3*a + 2. Calculate the remainder when n(a) is divided by 8.
5
Let r = -3 - -5. What is the remainder when 9 is divided by r?
1
Let a = 0 - -1. Suppose 0 = -5*v + 12 + 8. What is the remainder when 22 is divided by 31/4 + a/v?
6
Let v = 9 - -10. What is the remainder when 74 is divided by v?
17
Let l(f) = -6*f - 27. Calculate the remainder when 26 is divided by l(-6).
8
Suppose -o = -c + 9 + 1, -c = 4*o + 5. Calculate the remainder when (3 - 5)*81/(-6) is divided by c.
6
Let k(i) = 2*i**2 + 17*i - 14. What is the remainder when 78 is divided by k(-10)?
14
Suppose -3*c - c = 4*g - 8, 0 = -3*g - 4*c + 5. Suppose -w = -4*r, w + 2*r - 15 = g. Let f = -34 + 57. What is the remainder when f is divided by w?
11
Let z = -10 + 26. What is the remainder when 60 is divided by z?
12
Let u = 2 - -7. Calculate the remainder when 25 is divided by u.
7
What is the remainder when 45 is divided by (6 + (0 - 4))*6?
9
Suppose -3*y = 25 + 38. Let u = -6 - y. Let h = -9 + 17. What is the remainder when u is divided by h?
7
Let y = -18 - -33. What is the remainder when 37 is divided by 1/2*(y - -5)?
7
Let v(c) = 2*c**2 + 5*c - 2. What is the remainder when 38 is divided by v(-4)?
8
Let o(w) = w**3 + 3*w**2 - w + 4. Let a = 26 + -14. Calculate the remainder when a is divided by o(-3).
5
Suppose 3*k + k = 5*s + 48, -4*s + 67 = 3*k. Let c(q) be the first derivative of q**2/2 + 33*q + 2. What is the remainder when c(0) is divided by k?
16
Suppose -f = -2, 3*p + f + 28 = 5*p. Let t = 1 + 28. What is the remainder when t is divided by p?
14
Suppose -2*f + 20 = 3*f. Let o be (2 + 25/f)*-4. Let r = 46 + o. What is the remainder when 37 is divided by r?
11
Let f(i) = i**2 + 3*i + 3. Let b be f(-3). Let a(v) = v - 1. Let p be a(b). Calculate the remainder when 31 is divided by ((-4)/(-6))/(p/33).
9
Suppose 22 = -5*y - 13. Let i(q) = 4*q**2 - q + 1. Calculate the remainder when i(-2) is divided by (-47)/y - (-2)/7.
5
Calculate the remainder when 1 - (-5 + (-16)/4) is divided by 3.
1
Let x(b) = -b**3 - 4*b**2 - 4*b - 2. Let m be x(-4). Let n = 26 - m. What is the remainder when n is divided by (-10)/(-2) + (2 - 0)?
5
Let i(c) be the third derivative of -c**6/120 + c**5/20 + c**4/8 + 2*c**3/3 - c**2. What is the remainder when 37 is divided by i(3)?
11
Let y = -3 - -6. Suppose -h + 12 = 2*t, 4*h + y*t - 43 = 25. Calculate the remainder when h is divided by (-6)/(-15) + (-106)/(-10).
9
Suppose 26*q - 56 = 22*q. Suppose -4*h - 77 = -3*j + 16, 0 = 4*j - 3*h - 117. What is the remainder when j is divided by q?
13
What is the remainder when 51 + 6 + (-4)/2 is divided by 28?
27
Suppose -2*d - 66 = -4*j, -6 = 3*j - 4*j - 3*d. What is the remainder when j is divided by 8?
7
Suppose 27 - 99 = -4*y. What is the remainder when y is divided by 5?
3
Suppose -127 = -17*n - 8. Let i be 20/6*(-6)/(-1). Calculate the remainder when 1 + (i + -1 - 1) is divided by n.
5
Let u(v) = -v - 3. Let p be u(-7). Let z be (-16)/6*(-39)/p. Suppose -4*i - 29 = -9*i - 4*c, -c = 5*i - z. What is the remainder when 13 is divided by i?
3
What is the remainder when (5505/27)/5 + (-4)/(-18) is divided by 15?
11
Calculate the remainder when (-133)/(-4) + (-4)/16 is divided by 17.
16
Let r = 5 + 2. Calculate the remainder when -4 - -30*(-5 - -6) is divided by r.
5
Let x(d) = 3*d**3 - 2*d**2 + 2*d - 1. Suppose -6*m + 117 = -3*m. Suppose -3*y + 5*y = -5*z + m, 3*z - y = 19. Calculate the remainder when x(2) is divided by z.
5
Let y(l) = -l**3 - 10*l**2 - 10*l - 11. Let n be y(-9). What is the remainder when 14 is divided by (10/4)/((-1)/n)?
4
Suppose s = -0*s + 7. Calculate the remainder when -5 + 3 - 22/(-1) is divided by s.
6
Let y = -18 - -25. Suppose 1 = t - y. What is the remainder when 23 is divided by t?
7
Let f = 113 - 72. Let u be (12/(-9))/(2/(-3)). Calculate the remainder when f is divided by 0*u/4 + 14.
13
Let g = -1 - -19. What is the remainder when -3*5/(45/(-102)) is divided by g?
16
Let c = -9 - -6. Let j be 6*(-1 + (-14)/c). Suppose f = j - 4. Calculate the remainder when f is divided by 10.
8
Suppose -2*s - 2 = m - 43, 4*s + 200 = 4*m. What is the remainder when m is divided by 25?
22
Let b(h) = -61*h - 1. Calculate the remainder when b(-1) is divided by 16.
12
Suppose 5*v - 15 = -5*n, -3*v - 8 = 4. Suppose f = 5*x - 9, 5*x = 23 - 3. What is the remainder when f is divided by n?
4
Calculate the remainder when 19 is divided by ((-2)/3)/((-2)/30).
9
Let i(p) = p - 4. Let l be i(8). Let k(z) = z**3 - 4*z**2 + 4*z - 3. Let o be k(l). Let f = o + 24. What is the remainder when f is divided by 13?
11
Let t = -12 + 17. Suppose -3*j - 4*z = -14, 4*j - 2*j = -3*z + 8. Let l = j - 6. What is the remainder when t is divided by l?
1
Suppose 5*d - 4*c - 52 = 0, 4*d = -4*c + 52 + 4. Suppose -d = -4*k + k. What is the remainder when 15 is divided by k?
3
Calculate the remainder when 2*-1 + 49 - (16 - 18) is divided by 10.
9
Suppose -4 - 71 = -b. What is the remainder when b is divided by 39?
36
Suppose 72 = 4*c - 4*i - 48, 2*c = -5*i + 81. Calculate the remainder when 131 is divided by c.
32
Let j(n) = 18*n. Let k = -7 - -12. Suppose 4*l = q + 10, 2*q + 45 = k*q + 3*l. Calculate the remainder when j(1) is divided by q.
8
Let m = 16 + -3. What is the remainder when 90 is divided by m?
12
Let a = -2 - 0. Let g = 7 + a. Calculate the remainder when 7 is divided by g.
2
Suppose -16 - 71 = -3*s. Let b = s - 17. Calculate the remainder when 35 is divided by b.
11
Let a be 2/7 + 30/(-7). Let f(i) = -2*i - 4. Let u be f(a). What is the remainder when 5 is divided by 10/6 + u/12?
1
Suppose -8*s + 10*s = 176. Let w = s + -63. Calculate the remainder when (-2)/6 - (-435)/9 is divided by w.
23
Let m(s) = -s**2 - 8*s + 21. Suppose l = -4*l + 110. What is the remainder when l is divided by m(-9)?
10
Suppose -2*l = -p + 2*l - 3, -3*p = 3*l - 6. Calculate the remainder when 3 is divided by p.
0
Suppose -3*m + 2*q + 10 = -18, -2*m + 20 = -2*q. What is the remainder wh